3*h - 6*b - 134373, -24*h + 2*b = -29*h + 224063. Is h a composite number?
False
Is 238566/(-8)*-2*-7*10/(-105) prime?
True
Let w(r) = -136*r**3 + r**2 + 6*r + 2. Let c be w(-2). Let a = c + -183. Is a prime?
False
Let n = 1100250 + -258947. Is n prime?
False
Suppose 93*m - 195523 = 70*m. Is m prime?
True
Is (-38)/361 + 4515582/38 prime?
True
Suppose -2*p + 2342 = 3*w + 19115, -5*w - p - 27962 = 0. Let o = w + 8946. Is o prime?
False
Suppose -2*u = -0*u - 12. Suppose u*m - 3*m = 3165. Is m composite?
True
Suppose -5*w + 9*w - 8 = 0. Let r be ((-45)/9 + 303)*2/w. Let j = r - -519. Is j a composite number?
True
Let r be 0 - 70/(-5) - (-1 + 1). Suppose -r*y = -9*y - 15, 25486 = 5*q - 3*y. Is q a prime number?
True
Let m(g) = -6*g**2 + 23*g + 4. Let y be m(4). Is 160310/51 - (y + (-3)/(-9)) a prime number?
False
Suppose -55 - 5 = -5*v. Suppose 4*w - 4*o - o = 4167, 4*o + v = 0. Suppose -8*h + 6*h + w = 0. Is h a prime number?
False
Let z be 228/54 - (-2)/(-9). Suppose 3*n = -3*m + 10962, -z*n + 0*m + 4*m + 14656 = 0. Is n prime?
True
Suppose 10 = 5*p + d, -3*p - 4*d + 17 = -6. Let x be ((-15)/20)/(p/(-4)). Suppose -2*h + x*n = -397, 593 = 3*h + 4*n - 8*n. Is h prime?
True
Suppose -3616092 - 2975803 = -5*o - 4*c - c, c = 0. Is o prime?
True
Let k = -29 + 99. Is (-14)/(k/(-25845)) - 4/(-1) prime?
False
Let c be (-320)/(-55) + 5/((-275)/(-10)). Suppose -c*n + 3*n + 3*p = -9759, n - 3*p = 3257. Is n a composite number?
False
Let s(z) = 322*z**3 + 45*z**2 - z - 97. Is s(9) a composite number?
True
Let l(o) = 4*o + 21750. Let k be l(0). Suppose 14*f = 9*f + k. Let q = f - 2989. Is q prime?
True
Suppose 8*f - 191675 = -9*f. Suppose 3*n + 2836 = 3*m + f, -n - m = -2817. Is n a composite number?
True
Suppose 5*q + 2 = 22. Suppose -5*v + 3*m + 21428 = 0, v - 4*m + 12851 = q*v. Is v composite?
True
Let a(b) = b + 18. Let h be a(-6). Let g be 495176/h - (-8)/(-12). Suppose -9*p - g = -25*p. Is p composite?
False
Suppose -5*v = -2*p - 298524, -8*v - 3*p - 358233 = -14*v. Is v a prime number?
False
Is (-6 - (-2955431)/152)/((-2)/(-16)) a composite number?
False
Suppose -82662863 = 17*l - 378*l. Is l prime?
True
Suppose 0 = f - 4*f + 15. Suppose f*g - 8*g = 36. Is 1 + 0 + (g - -688) a composite number?
False
Is 2615620/168 - 4/24 composite?
False
Let l = 4011 + -1645. Suppose -3*g + 20 = -13 + 24. Suppose -g*z + l + 580 = 0. Is z composite?
True
Is (-9)/(-30) + 48371181/30 a prime number?
False
Suppose -37*y + 3171408 = -1686433. Is y prime?
True
Suppose 0 = -101*w + 298*w - 3046437 - 49000372. Is w a prime number?
False
Is ((-80)/(-12) - 6)/((-37021869)/5288841 - -7) prime?
True
Suppose -6*r - 10*r = -18880. Let m = 1111 + r. Is m a prime number?
False
Let q(m) = -m**3 - m**2 - m - 2. Let p be q(-2). Suppose p*o = -o + 16855. Is o a composite number?
False
Let k(r) = -2*r**3 - 37*r**2 + 21*r + 563. Is k(-32) a composite number?
False
Let f = 21682 + -3831. Is f a composite number?
False
Let k = 28108 + 170989. Is k a composite number?
True
Suppose 5*s = 4*f - 408198 - 86378, 0 = 4*f - 4*s - 494580. Is f a prime number?
False
Suppose -110 = -17*y + 111. Suppose -y*m + 150 = 46. Is (-4)/(-18) - (137200/(-18))/m composite?
False
Let m(x) = 7*x**2 - x + 1. Let b be (-2)/1 + (2 + 1)/1. Let s be m(b). Suppose 1951 = s*n - 898. Is n prime?
False
Let y(r) = 28*r - 1. Let z = -6 - -5. Let n be (z - -9) + 2 + -4 + 3. Is y(n) a composite number?
False
Let x be 116 - ((-38)/(-19) - 0/(-2)). Let b be (4/8)/(2/(-1828)). Let l = x - b. Is l a prime number?
True
Let x = 0 + 5. Suppose -9 = -4*a - 2*v + x, -a = -5*v - 20. Suppose 1969 = a*n + 3*i, 0 = -2*n - n - i + 1183. Is n composite?
True
Suppose -33612328 - 10528293 = -49*g. Is g composite?
True
Let m(c) = 697*c**2 + 2*c - 6. Let a(k) = 696*k**2 + 2*k - 7. Let l(j) = -4*a(j) + 5*m(j). Suppose -5*h + 9 = i + 7, -3*i = -3*h + 12. Is l(h) prime?
True
Suppose -5*l - 3*b = -5*b - 38372, l + 5*b - 7696 = 0. Let a = l + -1725. Is a a composite number?
True
Suppose 2*n - 365339 + 77693 - 591392 = 0. Is n a composite number?
False
Suppose -26 + 68 = 7*i. Suppose -8*c + i*c = -2018. Is c a composite number?
False
Let f = 135 + 172. Let y = -120 + f. Suppose a - y + 3582 = 5*w, 3*w - 2037 = -a. Is w a prime number?
False
Let g(z) = -z**3 - 25*z**2 - 25*z + 31. Let m be g(-24). Is 362747/m - (-2)/(-5) prime?
False
Suppose 6 = -2*m - 4*f, -6*m + 2*f = -2*m - 38. Let h be (-7)/(m/(-30))*(-38)/(-4). Suppose -4*r - h + 857 = 0. Is r a prime number?
False
Let m be ((-18)/(-2 - -5))/(-2). Let a(o) = 2*o - 18*o**2 + 37*o**2 - 17*o**2 - m. Is a(-9) a prime number?
False
Let c = 50343 + 261185. Suppose 12*s + c = 20*s. Is s a composite number?
True
Let q(v) = v**3 - 9*v**2 - 11*v + 14. Let c be q(10). Suppose 3*y + 2*y - 996 = c*p, p = y - 250. Is p/(-2*(-1)/(-1)) prime?
True
Let x = -660 + 221. Let a = x + 3018. Is a prime?
True
Let t(h) = -h**3 - h**2 + 2*h. Let m be t(-2). Suppose m = -0*y + y - 268. Suppose 0 = 5*b - y - 127. Is b a prime number?
True
Let m(b) = b**3 + 100*b**2 + 141*b - 27. Is m(-77) prime?
False
Suppose g = 3*m - 267567, 5*m + 20*g - 445945 = 24*g. Is m a composite number?
False
Let c(p) = -3*p**3 - 14*p**2 + 149*p + 1776. Let u be c(-12). Suppose -4*t + 1236 = 2*s + 5610, -2*s + 5*t - 4365 = 0. Let l = u + s. Is l a composite number?
False
Suppose 19*q - 471599 = 7*q + 295357. Is q a composite number?
False
Let w = 197 - 191. Is 1932/(-63)*w/(-4) a composite number?
True
Suppose v + 2 = 3*y, 3 = 4*y - 5*v - 7. Let g be (-2874)/(-2) - y/((-1)/1). Let z = g + -980. Is z a composite number?
False
Let h(z) = -4*z - 14. Let i(y) = -4*y - 15. Let p(d) = -5*h(d) + 4*i(d). Let f = -232 + 256. Is p(f) prime?
False
Let z be ((-2)/5)/(((-16)/(-4))/(-20)). Suppose -z*o + 18 = 4*w, -o = 2*w + w - 11. Suppose 5*c + 20 = 0, -w*t + 949 = c + 291. Is t a prime number?
True
Suppose -19*r + 14*r + 4*z + 2417123 = 0, 0 = -2*r + 5*z + 966839. Is r a prime number?
False
Let y = -67 + 18. Let b be (-16842)/y + (-4)/(-14). Let r = 1113 - b. Is r prime?
True
Let a(m) = 3*m**2 + 4*m + 1. Let y be a(2). Suppose 5*p = -2*u + 5413, -2*p - 22*u + y*u + 2166 = 0. Is p a prime number?
False
Is ((-1435431)/(-76))/(4/128) + 5 composite?
False
Let q = -287 - -140. Let w = q - -296. Is w a composite number?
False
Let o be 21 - ((-4)/1 + 0). Let m = o - 30. Let g = m - -40. Is g a prime number?
False
Let c be (-38778)/(-21) - (0 - 9/21). Let y = c - 1003. Suppose -4*l - 5*g = -844, -2*l = -6*l + 5*g + y. Is l composite?
False
Suppose 5*g + 2*y = 102, -5*g = -6*g + 4*y + 16. Suppose g*d = 23*d - 4902. Suppose -4*l = r - d, -2*l + 562 = -r - 258. Is l a composite number?
False
Let n be (560/42)/(-2)*(-3)/4. Suppose -n*p + 3*t = -23764, 5*t - 758 - 18231 = -4*p. Is p a prime number?
True
Let n(m) = 252*m - 11. Let k(q) = -7. Let c(r) = 20. Let g(f) = -6*c(f) - 17*k(f). Let z(l) = -6*g(l) + n(l). Is z(2) a composite number?
False
Suppose 982 = 2*j - 856. Suppose -2 = 4*z - 9*s + 4*s, 0 = 4*z - 4*s. Suppose z*f = q - 0*q - j, -f = -4*q + 3676. Is q a prime number?
True
Suppose 0 = -8*d + 27387 + 44589. Is d a prime number?
False
Suppose -4*u + 665754 = -10253 + 94443. Is u a composite number?
False
Let v(z) = 2966*z**3 + z**2 + 3*z - 3. Let i be v(1). Let u = 80 - 8. Suppose 0 = -u*d + 69*d + i. Is d a composite number?
True
Let u be 3 + -5 + 2/(-1). Is 27039 + ((-6)/(-4))/((-3)/u) prime?
False
Suppose -13*n = -10*n - 7*n + 530996. Is n a composite number?
False
Let o = 309 + -143. Let z = o + -118. Suppose 0 = 3*c + 3*j - 0*j - z, 0 = j - 1. Is c prime?
False
Suppose 3*x + 3*r - 336111 = 411285, x = -3*r + 249122. Is x composite?
True
Let q be (-24)/(-14)*(-14)/4. Is 4417 + -1 + q + -1 a prime number?
True
Suppose 81 = d + 4*q, -d + q - 221 = -4*d. Let k = 708 + -424. Let a = k - d. Is a prime?
True
Let i be 14/6 - 24/(-36). Suppose -4157 = -i*w - 2*v, v + 2*v = -w + 1388. Suppose -w + 6580 = 5*y. Is y composite?
False
Suppose 10*h - 14*h + 8 = 0. Let c be 5/10*107 - h/(-4). Is 43590/c + (-2)/9 a composite number?
True
Let c = 1600 + 4023. Is c prime?
True
Suppose 0 = 18*x + 38752 + 27308. Let g = -2087 - x. Is g composite?
False
Let c = -6380 - -11368. Suppose -c + 2055 = -7*y. Is y a prime number?
True
Let g(q) = 2*q**2 - 35*q + 50. Let f be g(16). Supp